is -14 + 54e66?
54e52
In base 15, what is -364 + 18?
-34b
In base 6, what is -5404212 - -3?
-5404205
In base 13, what is 3 + 30a?
310
In base 16, what is d4 - -199?
26d
In base 7, what is 216343 - -23?
216366
In base 15, what is 1c19 + 0?
1c19
In base 12, what is 11669 - -4?
11671
In base 5, what is 0 + -1012124?
-1012124
In base 9, what is 4 + 162114?
162118
In base 3, what is 1000120 - 12202?
210211
In base 12, what is -a682 + 7?
-a677
In base 2, what is -10 + -111000001001000?
-111000001001010
In base 11, what is 3a5 + -1?
3a4
In base 10, what is -1554 + 4?
-1550
In base 8, what is 3 + 674371?
674374
In base 9, what is 0 - 41774?
-41774
In base 3, what is -10112 - -1220000100?
1212212211
In base 15, what is -3b5 - 22?
-3d7
In base 14, what is -99d71 - -3?
-99d6c
In base 10, what is -3 - 1275?
-1278
In base 9, what is -141088 - 2?
-141101
In base 16, what is 1 + -17fa7?
-17fa6
In base 15, what is 28 + b2cd?
b306
In base 14, what is -5 + 8145?
8140
In base 3, what is -1201122 + 0?
-1201122
In base 10, what is -5055 + 108?
-4947
In base 6, what is 113 - -1255335?
1255452
In base 11, what is -111966 + -5?
-111970
In base 13, what is -3 - -37405?
37402
In base 3, what is 102212120 - -2?
102212122
In base 15, what is 4335 + 68?
439d
In base 9, what is -8 - 3465?
-3474
In base 13, what is -4 + 2142c?
21428
In base 6, what is -1234213 - 0?
-1234213
In base 9, what is -1765 - -107?
-1657
In base 5, what is 12244 + 113?
12412
In base 13, what is b8 + -3ca7?
-3bbc
In base 3, what is 210 + 1002221?
1010201
In base 14, what is 9 + -2a65?
-2a5a
In base 12, what is 93031 - -4?
93035
In base 6, what is 212314 - -4?
212322
In base 9, what is -23231 - -2?
-23228
In base 4, what is -30303 - 10?
-30313
In base 4, what is 0 - -221113012?
221113012
In base 3, what is -2112 + 2000102?
1220220
In base 14, what is 4 + -18da?
-18d6
In base 7, what is -530454 - -3?
-530451
In base 12, what is -14a - 7156?
-72a4
In base 10, what is -355 + -276?
-631
In base 3, what is 111001012 + -22?
111000220
In base 15, what is 2a316 + -5?
2a311
In base 15, what is 15cb + -c6?
1505
In base 10, what is -892693 - -1?
-892692
In base 9, what is 5 + -2020110?
-2020104
In base 6, what is -5 - -44220?
44211
In base 14, what is 124 - 1c4?
-a0
In base 5, what is 1020 - -200?
1220
In base 7, what is -320410 + -25?
-320435
In base 12, what is bb897 + 4?
bb89b
In base 3, what is -1 - 1210111?
-1210112
In base 16, what is 5 + 115df?
115e4
In base 3, what is 12012111220 - -21?
12012112011
In base 14, what is 2708 - 26?
26c2
In base 13, what is 4 + -27407?
-27403
In base 2, what is 10 + -10001000110000?
-10001000101110
In base 4, what is 200 - 11100?
-10300
In base 14, what is -1d9aa - -2?
-1d9a8
In base 6, what is -10000240 - 23?
-10000303
In base 15, what is -2d3 + -1997?
-1c7a
In base 16, what is 5 - -1483c3?
1483c8
In base 11, what is -323a - 2?
-3241
In base 14, what is 7b4 - -2c?
802
In base 15, what is 105d + -6?
1057
In base 10, what is -465410 - 4?
-465414
In base 15, what is -89d4 + 1?
-89d3
In base 6, what is 10021413 + 4?
10021421
In base 11, what is -1 + 27154?
27153
In base 11, what is -1 + 691?
690
In base 6, what is -15222 - 101?
-15323
In base 11, what is 13a91 + 0?
13a91
In base 12, what is -65358 - -5?
-65353
In base 8, what is -336 + 22?
-314
In base 13, what is -1a - 9b11?
-9b2b
In base 5, what is 13343024 - 12?
13343012
In base 5, what is 22323 - 114?
22204
In base 11, what is -242164 + -10?
-242174
In base 14, what is -2a6 + -29?
-2d1
In base 5, what is -342420 + -2424?
-400344
In base 12, what is -4 + 533692?
53368a
In base 13, what is 8 + 16582?
1658a
In base 10, what is -11679 - -9?
-11670
In base 8, what is -15 + 337472?
337455
In base 6, what is 300 - -103310?
104010
In base 6, what is -50 + -4134?
-4224
In base 2, what is 111000101100110111 + -11?
111000101100110100
In base 11, what is 168 - 3a?
129
In base 2, what is 11010010001111 - -10110?
11010010100101
In base 6, what is 14103 - 51?
14012
In base 11, what is 121 + -4682?
-4561
In base 11, what is 143 - -18687?
1881a
In base 8, what is 4416 - -130?
4546
In base 12, what is 2 + -29972?
-29970
In base 13, what is -12 + -1940?
-1952
In base 16, what is -e - 4d8?
-4e6
In base 14, what is -6 - 42da?
-4302
In base 9, what is -1 + -1310412?
-1310413
In base 14, what is -6 - d738?
-d740
In base 15, what is 1d2e5 + 2?
1d2e7
In base 15, what is -2e3489 - 2?
-2e348b
In base 2, what is -1000 + -1010100100010?
-1010100101010
In base 9, what is -303 + -822?
-1225
In base 3, what is 11201220 + -221001?
10210212
In base 9, what is -243220 - 12?
-243232
In base 13, what is 4 - -1859?
1860
In base 2, what is 10101 - 100000101100000?
-100000101001011
In base 13, what is 1135c - -17?
11376
In base 3, what is 2 - -1001211011102?
1001211011111
In base 16, what is 4 - -3b7b3?
3b7b7
In base 14, what is 51 + 604?
655
In base 9, what is 7724062 - 2?
7724060
In base 7, what is 26024350 - -1?
26024351
In base 2, what is 1010000100 + 101001001101?
110011010001
In base 8, what is -1145537 - 1?
-1145540
In base 14, what is -3 - -69c8?
69c5
In base 5, what is -24 + -14434?
-20013
In base 3, what is -11 - -1100202211?
1100202200
In base 16, what is 5 + -2877?
-2872
In base 12, what is 83b - 73?
788
In base 13, what is -45a6 - -6?
-45a0
In base 9, what is 160 - 15553?
-15383
In base 3, what is 10002212112 - -11?
10002212200
In base 16, what is -6f - 5b?
-ca
In base 15, what is -3 + 9ee3?
9ee0
In base 15, what is -3087b9 + 5?
-3087b4
In base 13, what is 4 + 100ac?
100b3
In base 14, what is -b7c2 + -16?
-b7d8
In base 5, what is 1030434 + 11?
1031000
In base 3, what is -1121022012 + 0?
-1121022012
In base 2, what is -1000101001 + -1011000010110?
-1100000111111
In base 14, what is 5 + -21160?
-21159
In base 16, what is 1713 - -18b?
189e
In base 4, what is 31 + 1022213?
1022310
In base 11, what is -93 - -1896a?
18887
In base 16, what is 16b - -662?
7cd
In base 5, what is -144 - -31323?
31124
In base 5, what is 43324 + 224?
44103
In base 3, what is 1201222 - -2?
1202001
In base 13, what is -503 - -a80?
57a
In base 2, what is 101 + 111000101110000?
111000101110101
In base 12, what is 265 + 318?
581
In base 14, what is -5ba5 - 2?
-5ba7
In base 2, what is 1100011001011 - 110?
1100011000101
In base 11, what is 2364 + 279?
2632
In base 11, what is 85843 + 12?
85855
In base 2, what is 110001111 - -10011?
110100010
In base 11, what is -13182 + -26?
-131a8
In base 10, what is 5 - -394578?
394583
In base 15, what is -2aa7 + 2?
-2aa5
In base 14, what is -5 + 20430c?
204307
In base 6, what is -13 - -5410402?
5410345
In base 14, what is -3 - 76c1?
-76c4
In base 11, what is 50 - -49a?
53a
In base 13, what is 7c + -2b?
51
In base 8, what is 353 + -140?
213
In base 3, what is 210210220121 + -100?
210210220021
In base 16, what is -3db1 - 5c?
-3e0d
In base 14, what is -30 - 3b7?
-407
In base 13, what is 2 - a1b00?
-a1acb
In base 11, what is 1 - 55a644?
-55a643
In base 13, what is -c2 - 371b?
-3810
In base 5, what is -14 - -2313?
2244
In base 2, what is 111100000000100 - 0?
111100000000100
In base 15, what is -8 + -13e7?
-1400
In base 2, what is -111100100100 + -1111?
-111100110011
In base 11, what is -2a333 - 91?
-2a414
In base 8, what is 0 - 6305?
-6305
In base 14, what is 461 + 9a?
51b
In base 8, what is -4040 + -12?
-4052
In base 16, what is -712 - 37?
-749
In base 13, what is -c + 124bb?
124ac
In base 7, what is 133 + -4513?
-4350
In base 5, what is -33 - 10144204?
-10144242
In base 7, what is -12153 - 1262?
-13445
In base 15, what is 0 - 71620?
-71620
In base 12, what is 216094 - 1?
216093
In base 10, what is 18910 - -3?
18913
In base 14, what is -3 - 14160?
-14163
In base 4, what is -213 + 100203?
33330
In base 6, what is 32551 + 24?
33015
In base 13, what is -3 + -10505c?
-105062
In base 8, what is -34244 + -5?
-34251
In base 16, what is 14f7c7 - 2?
14f7c5
In base 14, what is 10650 + -12?
1063c
In base 11, what is -499 - -3025?
2637
In base 13, what is b + -65326?
-65318
In base 14, what is 1b1c74 + -5?
1b1c6d
In base 8, what is -2 + 6434452?
6434450
In base 3, what is 20 + -11100?
-11010
In base 16, what is 0 + -1522?
-1522
In base 2, what is 1 - 10101100111000?
-10101100110111
In base 2, what is 0 - 10011111001?
-10011111001
In base 4, what is 101 - 12232